or of 397150?
True
Is 13 a factor of 355628?
True
Is 167 a factor of 198727?
False
Does 10 divide 1322592?
False
Does 46 divide 294216?
True
Is 275545 a multiple of 335?
False
Does 84 divide 417969?
False
Is 15382271 a multiple of 20?
False
Is 2349780 a multiple of 14?
False
Is 83 a factor of 173988?
False
Does 50 divide 1627637?
False
Is 11 a factor of 782716?
True
Is 216 a factor of 82179?
False
Is 13337296 a multiple of 14?
True
Does 9 divide 490606?
False
Is 197 a factor of 1834006?
False
Is 845376 a multiple of 21?
True
Is 72328 even?
True
Is 9961416 a multiple of 5?
False
Does 30 divide 136980?
True
Is 1490 a factor of 2034237?
False
Is 7 a factor of 859033?
True
Is 989403 a multiple of 246?
False
Is 18 a factor of 30047?
False
Does 777 divide 607614?
True
Is 442299 a multiple of 39?
True
Does 7 divide 27793?
False
Is 3073000 a multiple of 28?
True
Is 726805 a multiple of 403?
False
Does 13 divide 58422?
True
Is 3469592 a multiple of 3?
False
Is 2611835 a multiple of 20?
False
Is 33847 a multiple of 11?
True
Is 17 a factor of 289357?
True
Does 4 divide 3225594?
False
Is 37 a factor of 4327668?
True
Is 22 a factor of 4509660?
False
Is 72893 a multiple of 65?
False
Does 56 divide 5555816?
True
Is 14 a factor of 272174?
True
Is 76 a factor of 2378724?
True
Is 13 a factor of 1735777?
False
Is 1729071 a multiple of 23?
True
Does 344 divide 124727?
False
Is 710656 a multiple of 1337?
False
Does 40 divide 12343040?
True
Is 11 a factor of 1087863?
False
Does 124 divide 213261?
False
Is 24 a factor of 9862054?
False
Does 120 divide 86520?
True
Is 57 a factor of 785?
False
Is 1884284 a multiple of 139?
True
Is 510 a factor of 133620?
True
Is 189330 a multiple of 6?
True
Is 180 a factor of 50760?
True
Is 1233023 a multiple of 20?
False
Is 24 a factor of 277696?
False
Is 1549355 a multiple of 95?
True
Is 658 a factor of 8816410?
False
Is 503507 a multiple of 163?
True
Does 19 divide 2539829?
False
Is 224298 a multiple of 17?
True
Is 13 a factor of 409903?
True
Does 71 divide 7823?
False
Is 146029 a multiple of 367?
False
Is 856422 a multiple of 18?
True
Does 18 divide 116226?
True
Is 32925 a multiple of 15?
True
Is 4189749 a multiple of 69?
True
Is 94758 a multiple of 3?
True
Does 15 divide 6166117?
False
Does 238 divide 123417?
False
Is 37 a factor of 6245267?
True
Is 10 a factor of 625468?
False
Is 24 a factor of 220238?
False
Does 71 divide 1884909?
False
Does 99 divide 52173?
True
Is 90425 a multiple of 191?
False
Is 185640 a multiple of 105?
True
Is 4681853 a multiple of 652?
False
Is 76 a factor of 204136?
True
Is 456 a factor of 266844?
False
Does 96 divide 198816?
True
Is 41936 a multiple of 4?
True
Does 23 divide 113934?
False
Is 391090 a multiple of 14?
True
Does 37 divide 383813?
False
Is 85 a factor of 7605375?
True
Does 270 divide 38610?
True
Is 221544 a multiple of 306?
True
Is 11948873 a multiple of 743?
False
Is 342170 a multiple of 10?
True
Is 140 a factor of 19303311?
False
Is 815 a factor of 3292910?
False
Is 123585 a multiple of 93?
False
Does 107 divide 47829?
True
Does 15 divide 41505?
True
Is 3469830 a multiple of 1085?
True
Is 138 a factor of 409147?
False
Is 19 a factor of 4161?
True
Is 252252 a multiple of 539?
True
Is 47 a factor of 178896?
False
Is 40512 a multiple of 9?
False
Does 682 divide 7036?
False
Is 1445302 a multiple of 483?
False
Is 10605 a multiple of 21?
True
Is 169195 a multiple of 13?
True
Does 107 divide 142649?
False
Does 5 divide 203324?
False
Does 155 divide 113966?
False
Is 315110 a multiple of 5?
True
Does 17 divide 30909680?
False
Is 31 a factor of 494048?
False
Is 623635 a multiple of 23?
False
Is 8 a factor of 2474264?
True
Is 1066240 a multiple of 20?
True
Is 624 a factor of 572208?
True
Is 263 a factor of 883396?
False
Does 49 divide 2092300?
True
Is 17 a factor of 346258?
False
Is 353 a factor of 438651?
False
Is 93 a factor of 13140249?
True
Does 192 divide 1732800?
True
Is 123 a factor of 416355?
True
Is 86 a factor of 4184846?
True
Is 9467 even?
False
Does 44 divide 267547?
False
Is 419 a factor of 3553733?
False
Is 655797 a multiple of 26?
False
Is 2878 a multiple of 7?
False
Is 69567 a multiple of 8?
False
Is 4072432 a multiple of 1456?
True
Is 30500 a multiple of 10?
True
Is 71 a factor of 2353295?
True
Is 427 a factor of 20029014?
False
Is 6342975 a multiple of 15?
True
Does 55 divide 2078505?
True
Does 347 divide 2171094?
False
Is 128 a factor of 768?
True
Is 1308681 a multiple of 5?
False
Is 242088 a multiple of 38?
False
Is 4186 a multiple of 322?
True
Is 88 a factor of 25472606?
False
Does 49 divide 266266?
True
Is 13 a factor of 1041213?
False
Is 896406 a multiple of 18?
False
Is 151233 a multiple of 7?
False
Does 11 divide 56278?
False
Does 414 divide 5451966?
True
Is 65 a factor of 466180?
True
Is 322 a factor of 1714006?
True
Does 47 divide 640501?
False
Is 297505 a multiple of 3?
False
Is 1018360 a multiple of 14?
True
Does 39 divide 45162?
True
Does 14 divide 29390816?
True
Is 125886 a multiple of 2?
True
Is 557 a factor of 447271?
True
Is 507 a factor of 1076868?
True
Is 89586 a multiple of 7?
True
Is 77 a factor of 2049586?
True
Does 8 divide 376166?
False
Does 5 divide 479445?
True
Is 354456 a multiple of 9?
True
Is 14 a factor of 2379930?
True
Does 49 divide 24722460?
True
Is 46 a factor of 1463260?
True
Is 25 a factor of 1444755?
False
Is 3 a factor of 274844?
False
Is 108 a factor of 962496?
True
Is 1261350 a multiple of 25?
True
Is 318 even?
True
Is 26 a factor of 102544?
True
Does 4 divide 988416?
True
Does 23 divide 1541230?
True
Is 201 a factor of 4527559?
False
Does 25 divide 1768550?
True
Does 357 divide 281307?
False
Is 134165 a multiple of 5?
True
Is 57960 a multiple of 63?
True
Does 138 divide 293669?
False
Is 426 a factor of 7324700?
False
Does 117 divide 483444?
True
Does 150 divide 984877?
False
Is 121 a factor of 335501?
False
Does 5 divide 15333405?
True
Is 348 a factor of 8269839?
False
Does 80 divide 4362640?
True
Does 254 divide 1382268?
True
Does 172 divide 19264?
True
Is 161097 even?
False
Is 680 a factor of 144160?
True
Is 1134276 a multiple of 11?
True
Is 52 a factor of 246480?
True
Is 3133169 a multiple of 394?
False
Does 10 divide 466737?
False
Does 51 divide 592314?
True
Is 48 a factor of 746688?
True
Is 9 a factor of 194137?
False
Is 1256620 a multiple of 20?
True
Does 75 divide 56175?
True
Does 79 divide 131308?
False
Is 158 a factor of 6454438?
False
Is 53824 a multiple of 116?
True
Does 4 divide 74412?
True
Does 52 divide 168376?
True
Is 41793 a multiple of 14?
False
Is 28413 a multiple of 63?
True
Is 536112 a multiple of 816?
True
Is 208830 a multiple of 10?
True
Is 803 a factor of 1695133?
True
Does 112 divide 10691744?
True
Does 71 divide 92797?
True
Is 97597 a multiple of 29?
False
Does 15 divide 475275?
True
Is 573 a factor of 1478340?
True
Is 5 a factor of 137565?
True
Is 601544 a multiple of 38?
False
Is 192 a factor of 242650?
False
Is 1676700 a multiple of 900?
True
Is 35 a factor of 268870?
True
Is 4841360 a multiple of 146?
True
Does 6 divide 2766326?
False
Is 181 a factor of 458654?
True
Is 1850880 a multiple of 40?
True
Is 205 a factor of 65805?
True
Is 13400526 a multiple of 1126?
True
Is 8716680 a multiple of 27?
True
Is 955 a factor of 568225?
True
Is 121 a factor of 1598227?
False
Does 83 divide 37900?
False
Is 68 a factor of 67673?
False
Is 5 a factor of 82854?
False
Is 151 a factor of 1016055?
False
Is 27 a factor of 105414?
False
Does 28 divide 470064?
True
Does 139 divide 294433?
False
Is 9350330 a multiple of 370?
False
Is 134 a factor of 355377?
False
Does 16 divide 7450928?
True
Is 293 a factor of 9494917?
False
Is 170 a factor of 56440?
True
Is 14 a factor of 41942080?
False
Is 132 a factor of 71653?
False
Is 78 a factor of 3319223?
False
Is 105 a factor of 919393?
False
Does 456 divide 953952?
True
Is 15 a factor of 7230165?
True
Is 171 a factor of 441385?
False
Is 345938 a multiple of 201?
False
Is 57415 a multiple of 55?
False
Is 2382720 a multiple of 17?
True
Is 100 a factor of 206800?
True
Does 6 divide 71753?
False
Is 6 a factor of 78530?
False
Is 23 a factor of 2490946?
True
Does 62 divide 179800?
True
Is 192470 a multiple of 19?
True
Is 10 a factor of 227710?
True
Is 2631 a factor of 79892?
False
Is 719194 a 